on divisor of x and v.
3
Suppose -2*o = j - 64, -o - 4*o + 174 = -j. Let u = 3 + -1. Suppose -4*h - 596 = -r - r, 632 = u*r + 5*h. What is the highest common divisor of o and r?
34
Let n = -973 + 1316. Calculate the greatest common factor of 49 and n.
49
Let x be (-2)/9 + 80/36. Suppose x*r + 90 = 7*r. Calculate the highest common divisor of 45 and r.
9
Let l(m) = -m**2 - 14*m - 29. Let z be l(-5). Suppose -u = -3*r + 4*r - 139, -2*r + 268 = 4*u. What is the greatest common divisor of r and z?
16
Let b(r) = -23*r + 66. Let y be b(-8). What is the greatest common factor of 10 and y?
10
Let b be 6/36*8*(-3)/(-2). Suppose -b*q = -39 + 7. What is the greatest common factor of q and 2?
2
Let i(p) = 46*p**2 + 6*p + 6. Let x be i(-2). Suppose 6*w + 10 = x. What is the highest common factor of 4 and w?
4
Let t be 59/177 - 3646/(-6). What is the highest common divisor of 64 and t?
32
Let j = -503 + 711. What is the highest common divisor of 16 and j?
16
Let t = -851 - -1016. Calculate the highest common divisor of t and 22.
11
Suppose f = 5*f - 40. Suppose 4*n - 5*k = 5*n + 10, -2*k = f. Let i(s) = 2*s + 120. Let p be i(0). What is the greatest common factor of p and n?
15
Let o = -6 + 15. Let l be 2 + -3 + o - 1. Suppose -2*h + l*h - 375 = 0. Calculate the greatest common divisor of 15 and h.
15
Let c = 1197 + -1186. Calculate the highest common divisor of 649 and c.
11
Let c be (3 + -1)*1 + -57. Let s(j) = 3*j**2 - 7*j + 4. Let r be s(-4). Let y = r + c. What is the greatest common divisor of 25 and y?
25
Suppose 5 = 2*z - z. Suppose 0*t - z*h - 6 = -3*t, t - 2 = -5*h. Calculate the greatest common divisor of t and 2.
2
Let x(q) = 2*q**2 + 43*q - 5. Let a(b) = 2*b**2 + 43*b - 4. Let l(c) = -5*a(c) + 6*x(c). Let m be l(-22). What is the highest common factor of 42 and m?
6
Let z(j) = -9*j + 30. Let u(d) = -20*d + 60. Let n(t) = -4*u(t) + 9*z(t). Let f be n(20). What is the greatest common divisor of 4 and f?
2
Suppose -3*x + f + 2377 = 0, -f = 7*x - 2*x - 3959. What is the greatest common divisor of x and 72?
72
Let j(h) = 338*h**2 - 3*h + 1. Let k be j(1). Let q = -53 - -95. What is the greatest common factor of q and k?
42
Let j(s) = -s**2 - 9*s. Let i be j(-10). Let u be 1 + i + 3 + -1. Let o = u + 22. What is the greatest common divisor of o and 15?
15
Let p be 139/(-2) - 3/6. Let f = p + 103. Suppose 5*z - 22 = -4*b - 0*z, -4*b - 3*z = -18. Calculate the greatest common divisor of f and b.
3
Let b be (-1*1)/((-6)/30). Suppose -3*w + b*t = 72, 10*t - 5*t = 0. Let x be 69/w*2*-4. Calculate the greatest common divisor of 69 and x.
23
Let z be ((-3)/(-6))/((-3)/(-24)). Let y(t) = t - 2. Let f be y(z). Let o(q) = 12*q - 5. Let j be o(f). Calculate the greatest common factor of 133 and j.
19
Let j(b) = -10*b**2 + 2*b + 4. Let n(d) = 5*d**2 - d - 2. Let l(g) = 2*j(g) + 5*n(g). Let t be l(2). What is the highest common divisor of t and 40?
8
Let j = 497 + -294. What is the highest common divisor of j and 14?
7
Let a = 1308 + -1287. What is the greatest common factor of a and 123?
3
Let o = 1335 - 858. What is the greatest common factor of 9 and o?
9
Let p(m) = 100*m**3 - m**2 + 8*m - 8. Let j be p(1). Calculate the highest common factor of j and 144.
9
Let p = 50 + -20. Suppose 0*g = -3*g + p. Calculate the highest common divisor of g and 50.
10
Suppose -b - 263 = -j - j, 2*j + 3*b = 267. What is the greatest common factor of j and 12?
12
Let q = 335 + -319. Calculate the greatest common divisor of 256 and q.
16
Let n = -9 + 5. Suppose 3*g = 3*s - 0*s, -6 = -s + 4*g. Let l be (63/14)/(s/n). Calculate the highest common factor of 81 and l.
9
Suppose 17*t = 14*t - 4*l + 43, t - 1 = -4*l. What is the highest common divisor of 42 and t?
21
Suppose 0*n - 3*n - 40 = -2*g, 0 = 2*g + 8. Let f be (-444)/(-30) - n/(-20). Calculate the highest common divisor of 126 and f.
14
Let k = -2573 - -2580. Suppose -31 = 3*v - 94. What is the highest common factor of v and k?
7
Let b = -3138 + 3248. Suppose 2*u + 2*u - 40 = 0. Calculate the highest common factor of u and b.
10
Let w = 38 + -66. Let q = -11 - w. Calculate the highest common divisor of 136 and q.
17
Let l(p) = 6*p**2 - 11*p - 41. Let n be l(-3). What is the highest common divisor of n and 437?
23
Let p(z) = -5*z**3 - 3*z**2 + 2. Suppose 7 = -v - 5. Let m be v/(-8)*(-12)/9. Let a be p(m). Calculate the greatest common factor of a and 12.
6
Suppose r + 3*j = 3*r + 40, -r - 22 = -j. Let i = -22 - r. Calculate the highest common factor of i and 20.
4
Let s(g) = -2*g**2 - 57*g - 81. Let o be s(-24). Calculate the highest common factor of 54 and o.
27
Let t be 6/27 - (-90015)/135. What is the highest common factor of 46 and t?
23
Let f(i) = i - 6. Let z be f(13). Let n(w) = -w**3 + 7*w**2 + 3*w + 9. Let r be n(z). What is the highest common factor of r and 30?
30
Let v be 15/2 - (-12)/8. Suppose -5*m = -v - 81. Calculate the greatest common factor of m and 144.
18
Let h(t) = 5*t - 32. Let z be h(8). Let n(a) be the second derivative of -3*a**3 + a**2 + a. Let y be n(-3). Calculate the highest common factor of y and z.
8
Suppose -5 = 3*d - 11. Suppose -d*i - 3*i = -80. Calculate the highest common factor of 48 and i.
16
Suppose 2*g - 5*w + 11 = 0, -56*w - 10 = -2*g - 58*w. What is the highest common factor of g and 74?
2
Suppose -2*d = 3*h - 113, d = -5*h + 12 + 41. Calculate the highest common divisor of d and 3.
1
Let a(x) = x**3 - 63*x**2 - x + 77. Let c be a(63). Let h be -8*((-315)/4)/5. Calculate the highest common factor of c and h.
14
Let m(k) = -66*k**3 - 2*k**2 + 1. Let o be m(-1). Let l be 256/(-6)*3/(-2). Let a = l - 51. Calculate the highest common divisor of o and a.
13
Let i = 171 - 159. Calculate the greatest common divisor of i and 9.
3
Let m be ((-5)/3)/((-2)/(-18)). Let n = m + 25. What is the highest common divisor of 70 and n?
10
Suppose -4*y = -2*y + 14. Let x be 1*-1*(-19 - y). Let z = 94 + -64. Calculate the greatest common divisor of x and z.
6
Let h be 2 - (12/(-3))/2. Let q(x) = x**2 - 4*x - 1. Let s be q(h). Let f be (2 + s)*1 - -13. Calculate the highest common factor of f and 112.
14
Let j(z) = z**3 + 2*z**2 + 4*z + 4. Let l be j(0). What is the highest common divisor of l and 22?
2
Suppose -4*g - 27 = -27. Let k be 4/(-10) + (-8)/(-20). Suppose g = -k*f + 2*f - 58. Calculate the greatest common factor of f and 203.
29
Let b be 478/15 + (522/(-135) - -4). What is the greatest common divisor of 24 and b?
8
Suppose 0 = -35*z + 34*z + 49. Calculate the greatest common factor of z and 49.
49
Suppose 4*i - 4 = -x - 16, -3*i = 12. Suppose x*k + 144 = 8*k. What is the greatest common divisor of k and 252?
36
Let i = -433 - -1088. What is the greatest common divisor of i and 393?
131
Let f be (-3 + 10)/(-7)*-215. What is the greatest common factor of f and 473?
43
Let z(f) = 221*f - 365. Let h be z(2). What is the greatest common divisor of 341 and h?
11
Suppose -54*m - 3*n = -53*m - 708, m + 5*n = 706. Calculate the greatest common divisor of m and 63.
9
Let i(a) = 86*a + 752. Let n be i(-8). Calculate the highest common divisor of n and 56.
8
Suppose 10 = 6*v - 20. Suppose -v*f + 6*z = z - 1145, -931 = -4*f + z. What is the greatest common divisor of f and 26?
26
Suppose -3*w - 5*p = -372, -6*p + 5*p + 642 = 5*w. What is the highest common factor of 1161 and w?
129
Suppose 16 = 4*w - 16. Let i be (-16)/(-20)*60/w. Let t be 649/i - (-4)/(-24). Calculate the highest common factor of t and 12.
12
Let i = -304 + 388. Calculate the highest common factor of i and 231.
21
Let u(o) = -3*o - 13. Let i be u(-6). Let b be ((-1)/1)/(i/(-10)). Let w(k) = -3*k - 8. Let t be w(-8). What is the highest common factor of b and t?
2
Let l(h) be the second derivative of -h**5/10 - h**4/6 + 5*h**3/6 - 5*h**2 + 15*h. Let c be l(-5). What is the highest common divisor of 15 and c?
15
Let s(r) = -r**3 + 3*r**2 - r - 1. Let x be s(3). Let w be (x/2 - 0) + 100. Let l be (-2)/(-7) + 266/w. Calculate the highest common divisor of 12 and l.
3
Suppose 4*c + 10 - 30 = 0. Let s be -2 - -4 - 10/c. Suppose s = 4*l - 0*l - 48. Calculate the greatest common factor of l and 3.
3
Let q be 530/15 + (-2)/6. Let i be (((-1665)/6)/(-5))/(3/(-6)). Let c = 125 + i. What is the highest common factor of c and q?
7
Let m = 1500 - 1480